{"id":38,"date":"2018-03-10T14:54:54","date_gmt":"2018-03-10T14:54:54","guid":{"rendered":"http:\/\/friseur-rizzo.de\/?page_id=38"},"modified":"2018-04-28T19:10:24","modified_gmt":"2018-04-28T19:10:24","slug":"kontaktdaten","status":"publish","type":"page","link":"https:\/\/friseur-rizzo.de\/?page_id=38","title":{"rendered":"Kontaktdaten"},"content":{"rendered":"<p>Sie erreichen uns:<br \/>\nTel.: 07121 \/ 69 68 476<br \/>\nMobil: 0157 36 45 28 19<br \/>\nPers\u00f6nlich, zu unseren \u00d6ffnungszeiten, in der Lindenstra\u00dfe 8<\/p>\n","protected":false},"excerpt":{"rendered":"<p>Sie erreichen uns: Tel.: 07121 \/ 69 68 476 Mobil: 0157 36 45 28 19 Pers\u00f6nlich, zu unseren \u00d6ffnungszeiten, in der Lindenstra\u00dfe 8<\/p>\n","protected":false},"author":1,"featured_media":0,"parent":0,"menu_order":0,"comment_status":"closed","ping_status":"closed","template":"","meta":{"footnotes":""},"class_list":["post-38","page","type-page","status-publish","hentry"],"_links":{"self":[{"href":"https:\/\/friseur-rizzo.de\/index.php?rest_route=\/wp\/v2\/pages\/38","targetHints":{"allow":["GET"]}}],"collection":[{"href":"https:\/\/friseur-rizzo.de\/index.php?rest_route=\/wp\/v2\/pages"}],"about":[{"href":"https:\/\/friseur-rizzo.de\/index.php?rest_route=\/wp\/v2\/types\/page"}],"author":[{"embeddable":true,"href":"https:\/\/friseur-rizzo.de\/index.php?rest_route=\/wp\/v2\/users\/1"}],"replies":[{"embeddable":true,"href":"https:\/\/friseur-rizzo.de\/index.php?rest_route=%2Fwp%2Fv2%2Fcomments&post=38"}],"version-history":[{"count":5,"href":"https:\/\/friseur-rizzo.de\/index.php?rest_route=\/wp\/v2\/pages\/38\/revisions"}],"predecessor-version":[{"id":66,"href":"https:\/\/friseur-rizzo.de\/index.php?rest_route=\/wp\/v2\/pages\/38\/revisions\/66"}],"wp:attachment":[{"href":"https:\/\/friseur-rizzo.de\/index.php?rest_route=%2Fwp%2Fv2%2Fmedia&parent=38"}],"curies":[{"name":"wp","href":"https:\/\/api.w.org\/{rel}","templated":true}]}}

<p>Sie erreichen uns:<br />
Tel.: 07121 / 69 68 476<br />
Mobil: 0157 36 45 28 19<br />
Persönlich, zu unseren Öffnungszeiten, in der Lindenstraße 8</p>

<p>Sie erreichen uns: Tel.: 07121 / 69 68 476 Mobil: 0157 36 45 28 19 Persönlich, zu unseren Öffnungszeiten, in der Lindenstraße 8</p>
